{"id":149,"date":"2021-04-06T17:22:22","date_gmt":"2021-04-06T15:22:22","guid":{"rendered":"http:\/\/home-of-teamsport.de\/sv-steinbach\/?post_type=product&#038;p=149"},"modified":"2022-01-30T21:09:56","modified_gmt":"2022-01-30T20:09:56","slug":"essential-regenjacke","status":"publish","type":"product","link":"https:\/\/handel-vereinsbedarf.de\/sv-steinbach\/produkt\/essential-regenjacke\/","title":{"rendered":"Essential Regenjacke"},"content":{"rendered":"<p>&#8211; Stehkragen mit integrierter Kapuze<br \/>\n&#8211; wasserabweisendes Coating, 1500 mm Wassers\u00e4ule<br \/>\n&#8211; durchgehendes Jackenfutter mit \u00d6ffnung f\u00fcr optimale Veredelung<br \/>\n&#8211; verstellbarer Kordelzug<br \/>\n&#8211; verschwei\u00dfte N\u00e4hte<br \/>\n&#8211; zwei Rei\u00dfverschlusstaschen<br \/>\n&#8211; Garage am Rei\u00dfverschluss<br \/>\n&#8211; elastische \u00c4rmelb\u00fcndchen<br \/>\n&#8211; beschreibbares Namenschild\/Aufh\u00e4ngeschlaufe im Kragen<br \/>\n&#8211; uhlsport Druck auf der Brust<\/p>\n<p><strong>Material:<\/strong><br \/>\n100 % Polyester, 1000 mm Wassers\u00e4ule<\/p>\n<p><strong>Gr\u00f6\u00dfe:<\/strong><br \/>\n116-164<br \/>\nS-4XL<\/p>\n<p>inkl. Vereinswappen, Vereinsname und Initialen<\/p>\n","protected":false},"excerpt":{"rendered":"<p>&#8211; Stehkragen mit integrierter Kapuze &#8211; wasserabweisendes Coating, 1500 mm Wassers\u00e4ule &#8211; durchgehendes Jackenfutter mit \u00d6ffnung f\u00fcr optimale Veredelung &#8211; verstellbarer Kordelzug &#8211; verschwei\u00dfte N\u00e4hte &#8211; zwei Rei\u00dfverschlusstaschen &#8211; Garage am Rei\u00dfverschluss &#8211; elastische \u00c4rmelb\u00fcndchen &#8211; beschreibbares Namenschild\/Aufh\u00e4ngeschlaufe im Kragen &#8211; uhlsport Druck auf der Brust Material: 100 % Polyester, 1000 mm Wassers\u00e4ule Gr\u00f6\u00dfe: 116-164 [&hellip;]<\/p>\n","protected":false},"featured_media":572,"template":"","meta":[],"product_brand":[],"product_cat":[54,15],"product_tag":[],"class_list":{"0":"post-149","1":"product","2":"type-product","3":"status-publish","4":"has-post-thumbnail","6":"product_cat-oberteile","7":"product_cat-unkategorisiert","9":"first","10":"instock","11":"taxable","12":"shipping-taxable","13":"purchasable","14":"product-type-variable"},"_links":{"self":[{"href":"https:\/\/handel-vereinsbedarf.de\/sv-steinbach\/wp-json\/wp\/v2\/product\/149","targetHints":{"allow":["GET"]}}],"collection":[{"href":"https:\/\/handel-vereinsbedarf.de\/sv-steinbach\/wp-json\/wp\/v2\/product"}],"about":[{"href":"https:\/\/handel-vereinsbedarf.de\/sv-steinbach\/wp-json\/wp\/v2\/types\/product"}],"wp:featuredmedia":[{"embeddable":true,"href":"https:\/\/handel-vereinsbedarf.de\/sv-steinbach\/wp-json\/wp\/v2\/media\/572"}],"wp:attachment":[{"href":"https:\/\/handel-vereinsbedarf.de\/sv-steinbach\/wp-json\/wp\/v2\/media?parent=149"}],"wp:term":[{"taxonomy":"product_brand","embeddable":true,"href":"https:\/\/handel-vereinsbedarf.de\/sv-steinbach\/wp-json\/wp\/v2\/product_brand?post=149"},{"taxonomy":"product_cat","embeddable":true,"href":"https:\/\/handel-vereinsbedarf.de\/sv-steinbach\/wp-json\/wp\/v2\/product_cat?post=149"},{"taxonomy":"product_tag","embeddable":true,"href":"https:\/\/handel-vereinsbedarf.de\/sv-steinbach\/wp-json\/wp\/v2\/product_tag?post=149"}],"curies":[{"name":"wp","href":"https:\/\/api.w.org\/{rel}","templated":true}]}}