{"id":1808,"date":"2025-12-10T17:35:39","date_gmt":"2025-12-10T16:35:39","guid":{"rendered":"https:\/\/handel-vereinsbedarf.de\/sv-steinbach\/?post_type=product&#038;p=1808"},"modified":"2025-12-10T17:35:39","modified_gmt":"2025-12-10T16:35:39","slug":"winterset-beanie","status":"publish","type":"product","link":"https:\/\/handel-vereinsbedarf.de\/sv-steinbach\/produkt\/winterset-beanie\/","title":{"rendered":"Winterset Beanie"},"content":{"rendered":"<p><strong>Beanie:<\/strong><\/p>\n<ul>\n<li><strong>Sehr leichte Trainingsm\u00fctze<\/strong><\/li>\n<li><strong>Strucktur innen<\/strong><\/li>\n<\/ul>\n<p><strong>Material: 95% Polyester \/ 5% Elasthan<\/strong><\/p>\n<p><strong>Gr\u00f6\u00dfe: Einheitsgr\u00f6\u00dfe<\/strong><\/p>\n<p>&nbsp;<\/p>\n<p><strong>Feldspielerhandschuh:<\/strong><\/p>\n<ul>\n<li><strong>Elastischer Einschub<\/strong><\/li>\n<li><strong>Feldspielerhandschuh mit Micro-Grip Profil<\/strong><\/li>\n<li><strong>Innenbereich Polyester-Fleece<\/strong><\/li>\n<\/ul>\n<p><strong>Material: 100% Polyester Fleece<\/strong><\/p>\n<p><strong>Gr\u00f6\u00dfe: 2 \/ 3 \/ 4 \/ 5 \/ 6 \/ 7 \/ 8 \/ 9 \/ 10 \/ 11<\/strong><\/p>\n<p>&nbsp;<\/p>\n<p><strong>Neckwarmer:<\/strong><\/p>\n<ul>\n<li><strong>Ventilationsl\u00f6cher<\/strong><\/li>\n<li><strong>Reflektierender Schriftzug<\/strong><\/li>\n<li><strong>Hergestellt aus recyceltem Material (&#8222;FOR THE PLANET&#8220;)<\/strong><\/li>\n<\/ul>\n<p><strong>Material: 94% Polyamid (recycelt), 6% Elasthan<\/strong><\/p>\n<p><strong>Gr\u00f6\u00dfe: Einheitsgr\u00f6\u00dfe<\/strong><\/p>\n","protected":false},"excerpt":{"rendered":"<p>Beanie: Sehr leichte Trainingsm\u00fctze Strucktur innen Material: 95% Polyester \/ 5% Elasthan Gr\u00f6\u00dfe: Einheitsgr\u00f6\u00dfe &nbsp; Feldspielerhandschuh: Elastischer Einschub Feldspielerhandschuh mit Micro-Grip Profil Innenbereich Polyester-Fleece Material: 100% Polyester Fleece Gr\u00f6\u00dfe: 2 \/ 3 \/ 4 \/ 5 \/ 6 \/ 7 \/ 8 \/ 9 \/ 10 \/ 11 &nbsp; Neckwarmer: Ventilationsl\u00f6cher Reflektierender Schriftzug Hergestellt aus [&hellip;]<\/p>\n","protected":false},"featured_media":1806,"template":"","meta":[],"product_brand":[],"product_cat":[51,15],"product_tag":[],"class_list":{"0":"post-1808","1":"product","2":"type-product","3":"status-publish","4":"has-post-thumbnail","6":"product_cat-accessoires","7":"product_cat-unkategorisiert","9":"first","10":"instock","11":"taxable","12":"shipping-taxable","13":"purchasable","14":"product-type-variable"},"_links":{"self":[{"href":"https:\/\/handel-vereinsbedarf.de\/sv-steinbach\/wp-json\/wp\/v2\/product\/1808","targetHints":{"allow":["GET"]}}],"collection":[{"href":"https:\/\/handel-vereinsbedarf.de\/sv-steinbach\/wp-json\/wp\/v2\/product"}],"about":[{"href":"https:\/\/handel-vereinsbedarf.de\/sv-steinbach\/wp-json\/wp\/v2\/types\/product"}],"wp:featuredmedia":[{"embeddable":true,"href":"https:\/\/handel-vereinsbedarf.de\/sv-steinbach\/wp-json\/wp\/v2\/media\/1806"}],"wp:attachment":[{"href":"https:\/\/handel-vereinsbedarf.de\/sv-steinbach\/wp-json\/wp\/v2\/media?parent=1808"}],"wp:term":[{"taxonomy":"product_brand","embeddable":true,"href":"https:\/\/handel-vereinsbedarf.de\/sv-steinbach\/wp-json\/wp\/v2\/product_brand?post=1808"},{"taxonomy":"product_cat","embeddable":true,"href":"https:\/\/handel-vereinsbedarf.de\/sv-steinbach\/wp-json\/wp\/v2\/product_cat?post=1808"},{"taxonomy":"product_tag","embeddable":true,"href":"https:\/\/handel-vereinsbedarf.de\/sv-steinbach\/wp-json\/wp\/v2\/product_tag?post=1808"}],"curies":[{"name":"wp","href":"https:\/\/api.w.org\/{rel}","templated":true}]}}