{"id":184,"date":"2021-04-06T17:26:44","date_gmt":"2021-04-06T15:26:44","guid":{"rendered":"http:\/\/home-of-teamsport.de\/sv-steinbach\/?post_type=product&#038;p=184"},"modified":"2022-01-30T21:07:21","modified_gmt":"2022-01-30T20:07:21","slug":"essential-coachjacke","status":"publish","type":"product","link":"https:\/\/handel-vereinsbedarf.de\/sv-steinbach\/produkt\/essential-coachjacke\/","title":{"rendered":"Essential Coachjacke"},"content":{"rendered":"<table border=\"0\" cellspacing=\"0\">\n<colgroup width=\"512\"><\/colgroup>\n<tbody>\n<tr>\n<td align=\"left\" valign=\"bottom\" height=\"20\">&#8211; Wattierte Coachjacke<br \/>\n&#8211; Stehkragen mit integrierter verstaubarer KApuze<br \/>\n&#8211; Wasserabweisendes Coating, 600 mm Wassers\u00e4ule<br \/>\n&#8211; flauschige Innenseite im Kragen<br \/>\n&#8211; Garage am Rei\u00dfverschluss<br \/>\n&#8211; zwei Rei\u00dfverschlusstaschen<br \/>\n&#8211; Innentasche<br \/>\n&#8211; Verstellbare Kordel mit Stopper im Bund<br \/>\n&#8211; Beschreibbares Namenschild\/Aufh\u00e4ngeschlaufe im Kragen<br \/>\n&#8211; Rei\u00dfverschluss im R\u00fcckteil f\u00fcr Beflockung<br \/>\n&#8211; uhlsport Druck auf der Brust<br \/>\n<strong><br \/>\nMaterial:<\/strong><br \/>\n100% Polyester, 600 mm Wassers\u00e4ule Futter: 100% Polyester Wattierung: 100% Polyester<strong>Gr\u00f6\u00dfe:<\/strong><br \/>\n128 &#8211; 164<br \/>\nS &#8211; XXXL<\/p>\n<p><span style=\"color: #000000\">inkl. Wappen, Initialen,\u00a0 Vereinssname<\/span><\/td>\n<\/tr>\n<\/tbody>\n<\/table>\n","protected":false},"excerpt":{"rendered":"<p>&#8211; Wattierte Coachjacke &#8211; Stehkragen mit integrierter verstaubarer KApuze &#8211; Wasserabweisendes Coating, 600 mm Wassers\u00e4ule &#8211; flauschige Innenseite im Kragen &#8211; Garage am Rei\u00dfverschluss &#8211; zwei Rei\u00dfverschlusstaschen &#8211; Innentasche &#8211; Verstellbare Kordel mit Stopper im Bund &#8211; Beschreibbares Namenschild\/Aufh\u00e4ngeschlaufe im Kragen &#8211; Rei\u00dfverschluss im R\u00fcckteil f\u00fcr Beflockung &#8211; uhlsport Druck auf der Brust Material: 100% [&hellip;]<\/p>\n","protected":false},"featured_media":565,"template":"","meta":[],"product_brand":[],"product_cat":[54,15],"product_tag":[],"class_list":{"0":"post-184","1":"product","2":"type-product","3":"status-publish","4":"has-post-thumbnail","6":"product_cat-oberteile","7":"product_cat-unkategorisiert","9":"first","10":"instock","11":"taxable","12":"shipping-taxable","13":"purchasable","14":"product-type-variable"},"_links":{"self":[{"href":"https:\/\/handel-vereinsbedarf.de\/sv-steinbach\/wp-json\/wp\/v2\/product\/184","targetHints":{"allow":["GET"]}}],"collection":[{"href":"https:\/\/handel-vereinsbedarf.de\/sv-steinbach\/wp-json\/wp\/v2\/product"}],"about":[{"href":"https:\/\/handel-vereinsbedarf.de\/sv-steinbach\/wp-json\/wp\/v2\/types\/product"}],"wp:featuredmedia":[{"embeddable":true,"href":"https:\/\/handel-vereinsbedarf.de\/sv-steinbach\/wp-json\/wp\/v2\/media\/565"}],"wp:attachment":[{"href":"https:\/\/handel-vereinsbedarf.de\/sv-steinbach\/wp-json\/wp\/v2\/media?parent=184"}],"wp:term":[{"taxonomy":"product_brand","embeddable":true,"href":"https:\/\/handel-vereinsbedarf.de\/sv-steinbach\/wp-json\/wp\/v2\/product_brand?post=184"},{"taxonomy":"product_cat","embeddable":true,"href":"https:\/\/handel-vereinsbedarf.de\/sv-steinbach\/wp-json\/wp\/v2\/product_cat?post=184"},{"taxonomy":"product_tag","embeddable":true,"href":"https:\/\/handel-vereinsbedarf.de\/sv-steinbach\/wp-json\/wp\/v2\/product_tag?post=184"}],"curies":[{"name":"wp","href":"https:\/\/api.w.org\/{rel}","templated":true}]}}